 digit of p?
0
Let o(c) be the second derivative of -c**5/10 - c**4/6 + c**3/2 + 3*c**2/2 - c. What is the units digit of o(-2)?
5
What is the tens digit of 1/(2 + (-45)/23)?
2
Let y(f) = 4 - 3 + 3*f**2 - 4*f**2 - 7*f. What is the tens digit of y(-5)?
1
Let f = -4 - -6. Let n(h) = -h**2 - h + 3*h**2 - h - f. What is the units digit of n(2)?
2
Let s = -24 - -53. What is the tens digit of s?
2
Let s(b) = b**3 - b + 1. Suppose 3*a + 1 = 5*x + 2, a = -3*x + 5. What is the units digit of s(x)?
1
Suppose 6*n - n - 115 = 0. Let a = -23 - -16. Let w = n + a. What is the units digit of w?
6
Let h(w) = 39*w + 14. What is the units digit of h(4)?
0
Suppose -4*k = -17 - 3. Let p be 10 + (1 - (-1 + 1)). Suppose -k*i + 3*x + 12 = -7, -3*x + p = i. What is the units digit of i?
5
Let y be (-1)/(0 - 3/12). Suppose 2*h - 33 = r + y*r, 4*h + 2*r - 30 = 0. What is the units digit of h?
9
Let a(b) = b**2 - 5*b - 3. Let o be a(5). Let c be (-2 - -3) + (-6)/o. Suppose -5*q = c*v - 9, 4*v + 2*q - 13 = -1. What is the units digit of v?
3
Suppose 3*x + x = 76. What is the units digit of x?
9
Suppose -2*b + 3*b - 15 = 0. What is the tens digit of b?
1
Let g(w) be the first derivative of w**2/2 + 5*w - 1. What is the units digit of g(0)?
5
Let u be 1/2 - 231/(-14). Let k = 5 - 0. Suppose -k = 4*y - u. What is the units digit of y?
3
Suppose 5*d - d = -5*j + 21, 5*d = 3*j - 20. What is the units digit of 2 - (d - (1 + -3))?
1
Let j(k) = -3*k - 2. Let q be j(-3). Suppose -i = -2*i + q. What is the units digit of i?
7
Let h(p) = p**3 - 10*p**2 + 9*p + 12. Let r be h(9). Suppose 4*l + 27 = 5*b, 3*b + l - r = 2*l. What is the units digit of b?
3
Suppose -o = -4 + 3. Let m be (-2)/(o - 2 - 0). Suppose 0 = 4*n + 2*t + 2*t - 24, -18 = m*n - 4*t. What is the units digit of n?
1
Suppose -5*q = -2*q - 45. What is the units digit of q?
5
Let f = -5 - -13. Let h = -6 + f. What is the units digit of (h*18/(-4))/(-1)?
9
What is the units digit of (2 + -3)/(-1) + 0?
1
Suppose -590 = -14*u + 9*u. What is the tens digit of u?
1
Suppose 0*z + 2*z = 6. Suppose -z*c + 56 = c. What is the units digit of c?
4
Let w be -4*-2*(-22)/(-16). Suppose -4*i = -3*t + i - 13, 3*i = 5*t + w. Let o = 5 + t. What is the units digit of o?
4
Let j = 588 - 297. What is the units digit of j?
1
Let m be 3/(-6) + (-38)/(-4). Suppose -2*k = -4 - 0. What is the units digit of k/m + 43/9?
5
Suppose -5*x + 408 = 7*x. What is the units digit of x?
4
Suppose 3*q = 2*g + 13, -2*q - 17 = 4*g - 5*q. Let t be 6/g + 3 + 12. Suppose -b - 2*h + 36 = b, 0 = -3*h + t. What is the units digit of b?
4
What is the tens digit of 27 + -2 + -4 - (-5 - -1)?
2
Let z(l) = l**2 - l - 1. Let u = 0 + -1. Let n(k) = 6*k**2 - 10*k - 9. Let b(y) = u*n(y) + 5*z(y). What is the units digit of b(5)?
4
Let s = -4 - -2. Let u(a) = 3*a**2 - a - 1. What is the units digit of u(s)?
3
Let b be (-7)/28 + (-130)/(-8). Let z = -4 + b. What is the units digit of z?
2
Let x(o) = -o**3 - 9*o**2 + 6*o - 7. What is the tens digit of x(-10)?
3
Suppose 78 = 5*h + 3. Suppose 0*a = 3*a - h. What is the units digit of a?
5
What is the tens digit of (-106)/(-9) + (-8)/(-36)?
1
Let k(d) = 3*d - 13. Let t(l) = -4*l - 17. Let y be t(-7). What is the tens digit of k(y)?
2
Suppose 4*y - 1286 = -154. What is the units digit of y?
3
Suppose 106 = 11*a - 92. What is the tens digit of a?
1
Let a(i) = -4*i**2 - 9*i - 21. Let c(t) = -t**2 - 3*t - 7. Let u(y) = -2*a(y) + 7*c(y). Let w be u(7). Let k = w + -14. What is the units digit of k?
7
Let w(q) = 6*q + 13. Suppose -3*t + 6 = 3*a, -2*t - 5*a = t. What is the tens digit of w(t)?
4
Let v(i) = -i**2 + 6*i + 1. What is the units digit of v(6)?
1
Suppose 2*w = 26 + 8. Let g = w + 5. What is the units digit of g?
2
Let n be (-1*2)/(4/14). Let b(g) = g**3 + 3*g + 3. Let q be b(-2). Let h = n - q. What is the units digit of h?
4
Let h(q) be the third derivative of -q**6/360 + q**5/120 + q**4/8 + 3*q**2. Let u(p) be the second derivative of h(p). What is the units digit of u(-2)?
5
Let q(b) = -37*b**3 - 4*b**2 - b + 2. What is the tens digit of q(-2)?
8
Let l = 13 - -20. What is the tens digit of l?
3
Let g = -113 + 179. What is the tens digit of g?
6
Let m(s) = -s**3 - s**2 + s + 62. Let b be m(0). What is the tens digit of b/5 + (-2)/5?
1
What is the tens digit of 9/(-6)*704/(-12)?
8
Let u be -2*12/8 + 8. Suppose -u*c + 55 = 10. What is the units digit of c?
9
Let k be ((-5)/2 + 3)*10. Suppose 0 = -4*a - k*z + 89, a + 0*a + 5*z = 11. What is the tens digit of a?
2
Let c(k) = 3*k - 3*k + k**2 - 7 - 3*k - k. Let b be c(6). Suppose -3*i + u = -5 - 22, b*i = -u + 45. What is the units digit of i?
9
Let z = -6 - -22. Suppose 5*j = 7 + 13. Suppose -60 = -j*b - z. What is the units digit of b?
1
Let c = -23 - -33. Let z be (-40)/(-7) - c/(-35). Suppose 5*v = 2*v + z. What is the units digit of v?
2
Let l be (-1)/(((-4)/(-6))/(-2)). What is the units digit of 3 + l/((-9)/(-15))?
8
Let l(i) = 3*i + 15. Let x(n) = 1. Let j(m) = -l(m) + 15*x(m). Let f be j(-1). Suppose -7 = f*v - 34. What is the units digit of v?
9
Let j(x) = -x**3 + 5*x**2 - 6*x + 1. Let p be j(4). Let d be ((-13)/2)/(3/(-6)). Let y = p + d. What is the units digit of y?
6
Suppose -1 = 4*p - 5. Let t = p + -1. Suppose t*w - 6 = -2*w. What is the units digit of w?
3
Suppose -c + 4 = -22. What is the units digit of c?
6
Suppose -g = -5*a + 3*g + 32, 4*a - 31 = 5*g. What is the tens digit of (-23)/(-2) - (-6)/a?
1
Let t(n) = -15*n - 5. What is the units digit of t(-2)?
5
Let u(q) = -7*q**2 - 5. Let t(d) = 6*d**2 + d + 4. Let x(o) = -6*t(o) - 5*u(o). Let i(h) be the first derivative of x(h). What is the units digit of i(-5)?
4
Suppose -6 = -5*u + 4. Suppose h - u*h + 4 = 0. What is the units digit of h/12*(27 + 0)?
9
Let b = -34 + 98. What is the tens digit of b?
6
Let b = 29 + 7. What is the tens digit of b?
3
Suppose n + 8 = 3*n. Suppose 0 = -5*s + n*v + 75, 0*s - 28 = -3*s - v. What is the units digit of s?
1
Let i = 6 - 5. What is the tens digit of (-13)/(-1) - (0 + i)?
1
What is the hundreds digit of (9/(-2))/(-9)*230?
1
Let v = -20 + 22. What is the units digit of (-3 + 6 + v)/1?
5
Let n be 2 + (-3)/3 + 1. Let a = n - 3. What is the units digit of 24/28*(-7)/a?
6
Suppose 4*o - 42 = -5*z, -3*o + 0 = 4*z - 33. Let f = z - 0. What is the units digit of f?
6
Suppose -3*m + 17 + 4 = 0. Suppose -p = -2*p + 5. Let n = m + p. What is the tens digit of n?
1
Let n(q) = -2*q**3 - 12*q**2 - 11*q - 26. What is the tens digit of n(-8)?
1
Let u be ((-16)/(-6))/(4/144). Let g be 6/(-15) + u/(-10). What is the units digit of (8/g)/(3/(-15))?
4
Let h(l) = 3*l**2 - 4*l + 10. Let p be h(7). Suppose 192 = 5*t + 4*u, 6*t = 2*t + 5*u + p. What is the tens digit of t?
3
Let s(m) = -m**3 - 6*m**2 - 5*m + 2. Let t be s(-5). Suppose 8 = r + t*d, d + 0*d = 3. What is the units digit of r?
2
Let b(y) = 4*y**3 - 4*y**2 + 4*y - 2. Let p be b(2). Let c = p - 3. What is the tens digit of c?
1
Let f = -52 + 28. What is the units digit of (-10)/4*f/20?
3
Let h(k) = 3*k**3 + 12*k**2 + 8*k + 4. Let p(j) = 2*j**3 + 8*j**2 + 5*j + 3. Let u(d) = -5*h(d) + 8*p(d). Suppose 3 = -2*w + w. What is the tens digit of u(w)?
1
Let u be (-144)/(-40) + 4/10. What is the units digit of (123/(-6))/((-2)/u)?
1
Suppose -4*z - 17 = 3. What is the tens digit of ((-48)/5)/(1/z)?
4
Let y be (1 - 4) + 1*3. Suppose 5*b + 101 = n + 324, y = -4*b - 2*n + 184. What is the units digit of b?
5
What is the hundreds digit of (-183)/1*2/(-3)?
1
Let o(t) be the second derivative of t**5/20 + 5*t**4/12 - t**3/6 - 3*t. What is the units digit of o(-5)?
5
Suppose -2*c + 20 = -2*q, -2*q + 6*q = -3*c + 23. What is the units digit of c?
9
Let z(a) be the third derivative of a**5/60 + a**4/6 - a**3 - a**2. Let n be z(-5). Let i = n + 3. What is the units digit of i?
2
Let z be 4*(-3)/(-6) + 2. What is the units digit of z/(-5)*75/(-6)?
0
Suppose 2*p = 4*j - 12, -2*j + 1 = -2*p - 3. Suppose -5*b + 6 + 23 = p*m, -2*m + 9 = b. Let y = m + 0. What is the units digit of y?
2
Let z(b) = b**2 + 3*b - 5. Let m be z(-5). Suppose 4*j - 77 = -m. What is the tens digit of j?
1
Let r = 7 - 4. Suppose r*u = 4*a - 10, 1 = -3*u + a - 6. Let i(t) = t**2 + 2*t + 3. What is the units digit of i(u)?
3
Suppose 0 = -4*m - 3*o + 29 + 3, 4*m - 12 = 2*o. Let a = 